ommon factor of 333 and 225?
9
Calculate the greatest common divisor of 448 and 28.
28
Calculate the greatest common factor of 136 and 1122.
34
What is the highest common factor of 160 and 220?
20
What is the greatest common factor of 201 and 1742?
67
Calculate the greatest common divisor of 306 and 54.
18
What is the highest common factor of 15 and 171?
3
Calculate the highest common divisor of 12 and 588.
12
Calculate the greatest common divisor of 459 and 3519.
153
What is the highest common factor of 640 and 80?
80
Calculate the greatest common divisor of 147 and 189.
21
What is the greatest common divisor of 208 and 39?
13
What is the greatest common divisor of 12 and 228?
12
What is the greatest common factor of 102 and 18?
6
Calculate the highest common divisor of 19 and 4769.
19
What is the highest common factor of 9 and 48?
3
Calculate the highest common factor of 14 and 952.
14
What is the highest common divisor of 33 and 319?
11
Calculate the highest common divisor of 1938 and 2754.
102
Calculate the greatest common factor of 45 and 340.
5
What is the highest common divisor of 266 and 1121?
19
What is the highest common factor of 260 and 80?
20
What is the highest common factor of 91 and 8801?
13
Calculate the highest common factor of 70 and 630.
70
Calculate the highest common divisor of 15 and 1605.
15
Calculate the highest common factor of 207 and 45.
9
Calculate the greatest common factor of 138 and 9.
3
What is the highest common factor of 1339 and 13?
13
What is the greatest common divisor of 41 and 3977?
41
What is the greatest common factor of 16000 and 128?
128
What is the highest common factor of 8 and 414?
2
What is the highest common divisor of 36 and 28?
4
What is the highest common divisor of 102 and 17493?
51
What is the greatest common divisor of 1190 and 4930?
170
Calculate the greatest common divisor of 5 and 125.
5
Calculate the highest common factor of 18 and 405.
9
What is the greatest common factor of 77 and 176?
11
Calculate the greatest common factor of 44 and 1177.
11
What is the greatest common divisor of 2898 and 12834?
414
What is the highest common factor of 408 and 2482?
34
Calculate the highest common divisor of 780 and 1248.
156
Calculate the highest common factor of 17451 and 126.
63
Calculate the highest common factor of 31929 and 58.
29
Calculate the highest common factor of 33 and 2816.
11
What is the greatest common divisor of 10 and 410?
10
What is the highest common divisor of 1 and 37?
1
Calculate the greatest common factor of 670 and 10.
10
Calculate the greatest common factor of 40 and 100.
20
What is the highest common divisor of 41 and 2173?
41
Calculate the highest common factor of 1456 and 117.
13
Calculate the greatest common divisor of 25 and 50.
25
Calculate the greatest common factor of 21 and 469.
7
Calculate the highest common divisor of 96 and 84.
12
What is the highest common divisor of 48 and 9?
3
What is the highest common divisor of 1 and 1?
1
What is the highest common divisor of 28 and 3452?
4
Calculate the greatest common factor of 67 and 536.
67
What is the greatest common factor of 232 and 24?
8
Calculate the highest common divisor of 864 and 1248.
96
Calculate the highest common divisor of 414 and 874.
46
What is the highest common factor of 500 and 580?
20
What is the highest common factor of 48 and 1296?
48
Calculate the highest common factor of 34 and 85.
17
What is the greatest common factor of 585 and 117?
117
Calculate the greatest common factor of 16 and 496.
16
What is the greatest common divisor of 506 and 230?
46
What is the greatest common factor of 56 and 154?
14
Calculate the greatest common divisor of 798 and 190.
38
What is the highest common divisor of 49 and 21?
7
Calculate the highest common factor of 42 and 147.
21
Calculate the highest common divisor of 2198 and 28.
14
What is the highest common divisor of 60 and 2610?
30
Calculate the greatest common factor of 1280 and 20.
20
What is the greatest common factor of 1400 and 42?
14
What is the greatest common divisor of 413 and 236?
59
Calculate the greatest common factor of 1175 and 94.
47
What is the highest common factor of 49 and 7?
7
What is the highest common factor of 792 and 72?
72
Calculate the highest common divisor of 35 and 252.
7
What is the highest common divisor of 15 and 4795?
5
Calculate the greatest common divisor of 33 and 319.
11
Calculate the greatest common divisor of 105 and 75.
15
Calculate the highest common factor of 558 and 1488.
186
What is the highest common divisor of 2872 and 88?
8
What is the highest common divisor of 6432 and 2278?
134
What is the highest common factor of 5100 and 85?
85
What is the greatest common factor of 938 and 14?
14
What is the highest common factor of 85 and 595?
85
What is the greatest common divisor of 4 and 13?
1
What is the highest common factor of 34 and 2363?
17
Calculate the greatest common factor of 8 and 2580.
4
Calculate the greatest common divisor of 231 and 42.
21
Calculate the greatest common factor of 56 and 7.
7
Calculate the highest common factor of 171 and 57.
57
Calculate the highest common divisor of 91 and 56.
7
Calculate the greatest common factor of 34 and 2890.
34
What is the greatest common divisor of 62 and 66464?
62
What is the highest common divisor of 117 and 9?
9
What is the highest common factor of 639 and 284?
71
Calculate the greatest common divisor of 1464 and 120.
24
What is the highest common factor of 515 and 103000?
515
What is the highest common factor of 64357 and 463?
463
What is the greatest common divisor of 18 and 1089?
9
What is the highest common factor of 36 and 136?
4
What is the greatest common factor of 38 and 6574?
38
Calculate the highest common factor of 102 and 68.
34
Calculate the highest common divisor of 27607 and 19.
19
Calculate the greatest common divisor of 6946 and 46.
46
What is the greatest common divisor of 369 and 60?
3
What is the greatest common factor of 792 and 2088?
72
What is the greatest common factor of 54 and 459?
27
Calculate the highest common factor of 627 and 22.
11
Calculate the highest common factor of 156 and 12.
12
What is the highest common factor of 776 and 40?
8
Calculate the greatest common factor of 60 and 30.
30
Calculate the highest common factor of 126 and 4179.
21
Calculate the highest common divisor of 1425 and 75.
75
Calculate the highest common factor of 270 and 1410.
30
What is the greatest common divisor of 3240 and 54?
54
What is the highest common factor of 256 and 24?
8
What is the greatest common factor of 1620 and 1755?
135
What is the greatest common factor of 572 and 44?
44
What is the greatest common divisor of 548 and 685?
137
What is the greatest common factor of 175 and 1775?
25
What is the highest common factor of 12 and 45?
3
What is the greatest common divisor of 10790 and 130?
130
Calculate the greatest common factor of 3560 and 40.
40
Calculate the highest common divisor of 14348 and 68.
68
What is the greatest common divisor of 87 and 87?
87
Calculate the highest common divisor of 3324 and 84.
12
What is the highest common factor of 144 and 54?
18
What is the greatest common divisor of 648 and 152?
8
Calculate the highest common divisor of 7870 and 10.
10
Calculate the highest common divisor of 1410 and 376.
94
Calculate the greatest common factor of 213 and 12.
3
What is the highest common factor of 66 and 858?
66
What is the greatest common divisor of 195 and 6435?
195
What is the highest common divisor of 12 and 228?
12
What is the greatest common divisor of 364 and 4?
4
Calculate the greatest common factor of 674 and 16.
2
What is the highest common divisor of 11 and 4279?
11
Calculate the greatest common factor of 759 and 2475.
33
What is the highest common factor of 294 and 980?
98
Calculate the highest common factor of 5609 and 71.
71
Calculate the highest common divisor of 24 and 1758.
6
What is the highest common factor of 5202 and 54?
18
Calculate the highest common factor of 986 and 34.
34
Calculate the greatest common factor of 22410 and 45.
45
What is the greatest common factor of 2216 and 8?
8
Calculate the highest common factor of 595 and 140.
35
Calculate the highest common divisor of 9 and 1719.
9
What is the high